 be the second derivative of -34*r**3/3 - 11*r**2/2 + 25*r. Let x be n(-3). Suppose 4*c - x = -4*j + 7, 0 = 5*c + 15. Is j a composite number?
False
Suppose 102514 = 11*s - 65335. Is s a prime number?
True
Let j be (-121374)/(-15) + (-5 - (-66)/15). Let m = j - 2546. Is m a composite number?
True
Suppose 79 = 4*m - 5*s, 0 = m + 6*s - s - 51. Let j(u) = 4*u**2 - 63*u + 147. Is j(m) prime?
True
Let k = -24497 - -38617. Suppose 76334 = 6*y + k. Is y a composite number?
False
Let r(j) = -3*j - 35. Let x be (-19 + 14)*11/5. Let p be r(x). Is ((-1273)/(-38))/(p/(-28)) a composite number?
True
Let b(s) = 365*s**3 - 19*s**2 + 3*s - 128. Is b(7) a prime number?
False
Let x be (-5)/(54/(-12) + 5). Let b be ((-28)/x)/(5/(-25)). Let j = b + 249. Is j composite?
True
Let v = -135 + 131. Is (-7)/v*-4 + 19668 prime?
True
Let i = 117635 + -67801. Suppose 0 = 18*l - i - 116144. Is l composite?
False
Let h(y) = 1401*y + 6217. Is h(32) a prime number?
False
Let s(n) = -n**3 - 127*n**2 - 210*n - 245. Is s(-131) prime?
False
Let d(m) = -4153*m**3 + m**2 + m - 1. Let a be d(-1). Let h = -3170 - -667. Let w = a + h. Is w a composite number?
True
Suppose p - 7686 = -a, -17260 - 21200 = -5*a + p. Let k = -3718 + a. Is k a prime number?
False
Suppose 82 = 18*i - 26. Let m(x) = 404*x**2 + 9*x + 19. Is m(i) composite?
True
Suppose 0 = -3*g + 12 + 3, 2*m - g - 21 = 0. Suppose 2*b - 2*r - 8112 = 0, 3*r + 2 = -m. Is b a prime number?
True
Let y be 2/((-4)/10286*6/30). Let z = -1996 - y. Is z a prime number?
True
Let w = 66 + -74. Let m be ((-5)/(15/w))/((-2)/45). Let a = 95 + m. Is a composite?
True
Suppose 5*c - 5*q = 72230, -c = 2*q + q - 14462. Suppose -8*u + 23814 = -c. Is u composite?
False
Let d = 2920 - -1969. Is d a prime number?
True
Let w be (-3 - (8 + -10)) + 1*175729. Suppose w = 4*a + 56644. Is a a prime number?
False
Let f be (0 - -40) + 20 + -14. Is (-39769 + f)*2/(-6) composite?
False
Suppose -4*l + 12 = 2*o, 1 - 25 = -4*o + 3*l. Let p(h) = -579*h**2 + 13*h - 215. Let k(c) = -434*c**2 + 10*c - 168. Let x(m) = 9*k(m) - 7*p(m). Is x(o) prime?
True
Let r(y) = -2953*y - 3. Let n(z) = 2*z**2 - 14*z - 62. Let k be n(10). Is r(k) a prime number?
True
Suppose 3*a = x - 4*x + 411, 3*a + 249 = 2*x. Suppose -w = -i - 93, -3*w = -4*i - 143 - x. Suppose 0*o + w = o. Is o composite?
False
Is (14 - 17 - -6) + 116138 a prime number?
True
Let v(y) be the third derivative of -y**5/30 - 9*y**4/8 + 23*y**3/6 - 12*y**2. Let q be v(-14). Suppose -q*d = -5*d - 5884. Is d composite?
False
Suppose z - 2735161 = -5*c, -c + 207272 = -3*z - 339741. Is c composite?
True
Suppose 5*u - u - 16 = 0. Suppose 5*r + 14 = u*r. Is (-395)/r*34 - (-4)/(-14) a composite number?
True
Let r(u) = -25368*u + 21. Let t be r(-5). Let w = t - 80544. Is w composite?
True
Let g = 178 + -167. Suppose -12*i + 2017 = -g*i. Is i a composite number?
False
Let n = -24 + 24. Suppose n*x - 847 = -11*x. Is x a composite number?
True
Suppose 0 = 3*x - 4*w - 4732, 7*w = 4*w + 6. Suppose -6*l + x = -2656. Suppose 5*h - 589 = l. Is h composite?
True
Is 8312 + 18/(-30)*-15 a composite number?
True
Let h(q) = 1628*q**3 - 44*q**2 + 9*q + 56. Is h(7) a prime number?
False
Suppose -b + 4747 = m, 6*m = b + 3*m - 4743. Suppose -9*h + 6*h + b = -z, h - 1595 = -4*z. Is h prime?
True
Suppose -52291 - 29849 = 10*m. Is (-2)/((-12)/(-3) + m/2053) a prime number?
True
Let k be 23 - (-1 - -1)*-1. Let q(v) = 2*v**3 - 41*v**2 + 13*v - 43. Is q(k) composite?
True
Let d(f) = 1 - 30*f + f**3 - 5*f**2 - 6 + 5*f**2 + 22*f**2. Let j be d(-13). Suppose -3*r - 4*g = r - 1924, 5*g + j = 4*r. Is r prime?
True
Let p = -86 - -94. Let b be 8/2 - (-64)/p. Is -3*(-4)/b*166 prime?
False
Let f = 235082 - -282735. Is f prime?
True
Suppose 1720311 = -24*d + 22170879. Is d a prime number?
False
Suppose 41 = 5*w - 2*x + 13, 4*w - 5*x - 36 = 0. Is w/24 - 13289/(-6) composite?
True
Suppose -5*d + 10 = 30. Is d/6*6594/(-4) a prime number?
False
Let h = 491 - 1086. Suppose -a - 2*s - 74 - 30 = 0, 4*a + 422 = -5*s. Let y = a - h. Is y a prime number?
True
Let i(f) = -12924*f - 361. Is i(-7) a composite number?
False
Let m = -9756077 - -14140620. Is m a composite number?
False
Let a = 21508 + 34576. Suppose a - 371203 = -49*l. Is l a prime number?
False
Let d = 277 + -261. Is (3 - (-30040)/d)/(1/2) composite?
False
Let y = 1575076 - 575967. Is y a composite number?
True
Let d = -106 + 175. Suppose -d*u + 61*u = -22904. Is u composite?
True
Let a = 201309 - 79738. Is a a prime number?
True
Is ((-341922)/56)/7*(-8)/6 prime?
True
Suppose 98 = -42*q + 44*q. Let z = -6 - q. Let m = z - -441. Is m a composite number?
True
Let j = 76922 - 288. Is j prime?
False
Suppose 4*t - 3*s - 33360 = -s, 4*t - 33368 = -2*s. Is (-24)/18 + t/3 + -2 prime?
True
Let x(t) = 5029*t**2 - 76*t + 200. Is x(3) a composite number?
False
Suppose -4*c - 4334 = -2*r - 8*c, 4324 = 2*r + 2*c. Suppose -2157 = -3*y - 3*g, -30*g + 25*g + r = 3*y. Is y prime?
True
Is 216/(-12) - -14 - -2051 a prime number?
False
Suppose -3*n = -3*y + 27, -2*y + 1 = n - 2. Suppose 2*r - 4*c = 302, -y*r + 5*c + 592 = c. Suppose -r = 21*f - 22*f. Is f composite?
True
Let s(l) = 67*l**3 - 27*l**2 - 10*l - 24. Let x be s(-7). Is (11/(-33))/(2/x) a prime number?
False
Let g = 296 - 294. Suppose 4*c = 5*a + g*c - 2351, 0 = -4*c + 8. Is a a prime number?
False
Suppose u + 0*l - 1 = -l, -u + 3*l + 17 = 0. Let n(r) = -r**3 + 4*r**2 - r + 10. Let c be n(u). Is (-40665)/c + 1/(-4)*1 prime?
False
Let h = 414293 - 295627. Is h a prime number?
False
Suppose 5*u - 25302 = 2*r, -2*u + 143*r + 10112 = 140*r. Is u prime?
False
Let h = -4159 + 2229. Let q = -3503 - h. Let f = -1124 - q. Is f composite?
False
Let h(i) = i + i**3 + 11 - 17*i**2 - 3*i + 25*i**2 + 11. Let p be h(-9). Let a = p - -1050. Is a composite?
False
Let y be -15 + 1776/88 - (-2)/(-11). Suppose -5*f = 5, -4*f + 13895 = y*t - 18436. Is t a prime number?
False
Suppose 22*z = 26*z - 272. Is 293/3*(z + -65) a composite number?
False
Let k(m) = -30338*m**3 - 7*m**2 - 4*m. Is k(-1) a composite number?
True
Let j(d) = 31*d**2 + 4*d - 14. Let z be j(-9). Let s = 4640 - z. Is s a prime number?
True
Let u(m) = 18*m**2 - 13*m - 10. Let d be u(6). Suppose -9 = c - x, -2*c + 0*x - 4*x = 36. Is -5*d/c + (-1)/3 prime?
True
Suppose 3*u - 2*g + 19702 = 0, -12*g + 32862 = -5*u - 15*g. Let k = 1908 + u. Let x = k + 7543. Is x a composite number?
True
Suppose -2*u - 24 = 2*v - 4*u, -4*v - 3*u = 20. Let y(x) be the first derivative of -271*x**2/2 + 11*x + 1. Is y(v) a prime number?
True
Suppose 0 = -4*a - 1923 - 1197. Suppose -55*y + 5319 = -52*y. Let i = a + y. Is i prime?
False
Let g(p) = 618*p**2 - 149*p**2 - p**2 + 268*p**2. Let d be g(-1). Is 28/(-6) - -4 - d/(-6) composite?
True
Suppose 10*l - 5*l = -190. Is (4/(40/1795))/((-1)/l) composite?
True
Let s(v) be the second derivative of -3*v**5/5 + 17*v**4/12 + 37*v**3/6 - 21*v**2/2 - 2*v + 20. Is s(-10) a composite number?
False
Let r(h) = -h**2 - 8*h + 7. Let u be r(-9). Let x be (-575)/(-2 - u/(22/23)). Let v = -4170 - x. Is v a composite number?
True
Let s = 17657 + 17544. Is s a prime number?
True
Let b(m) be the third derivative of -115*m**4/3 - 10*m**3 + 15*m**2. Let a be b(-11). Suppose -2*t + a = 2*t. Is t composite?
True
Suppose 3*l + 2*y + 43 = 0, 4*l + 4*y - 19 = 5*l. Let p be 20/(2 - 6) - l. Suppose p*f = -f + 21439. Is f a composite number?
False
Suppose 3*q + 4 + 17 = 0. Let f be ((-7)/2)/q*4. Suppose z + 2455 = 4*c, -f*z + 3*z = -c + 610. Is c prime?
True
Let s be (14 + 10)/6*4663/4. Let w = s + 526. Is w a composite number?
False
Suppose -45*h + 13442039 = -74*h + 42*h. Is h prime?
True
Let m(j) = 6*j**2 + 3*j + 2. Let l be m(-1). Suppose -l*y = -3*a - 7694, -296 = y + a - 1830. Is y composite?
True
Let o(y) = 9*y + y**3 - 301 - 11*y**3 + 315 + 5*y - 4*y**2. Is o(-5) composite?
True
Let d be 1 - 7 - 111/(-37). Is (d - -2)*((-18310)/5 + 3) a composite number?
False
Is 180458 + (-6 + 15 - 10)/1 composite?
True
Let h be 10888 - (7 - (2 - -1)). Suppose -8*m + 4*m + h = -3*d, -3*d + 8142 = 3*m. Suppose -2*q = 784 - m. Is q a prime number?
True
Let b = -34 - -36. Suppose -b*g + 3*a = -75, 184 = 7*g - 2*g - 4*a. Is (g/8 + -4)/((-1)/(-3722)) a prime number?
True
Suppose 0 = h - 0*h - 2. Suppose -2 + 26 = 12*t. Suppose h*i 